is the highest common divisor of 37 and 1222073?
37
Calculate the greatest common divisor of 1216 and 32756.
76
Calculate the greatest common divisor of 32214 and 6461.
91
What is the highest common divisor of 32 and 186464?
32
Calculate the greatest common factor of 148217 and 1339.
103
What is the greatest common divisor of 1539 and 11039?
19
Calculate the highest common divisor of 4068 and 1469.
113
What is the greatest common factor of 638 and 677266?
58
Calculate the highest common factor of 3952324 and 94.
94
What is the highest common factor of 2907 and 64277?
323
What is the greatest common factor of 32398 and 11356?
334
What is the greatest common factor of 12200 and 15616?
488
Calculate the highest common factor of 34481 and 152192.
1189
Calculate the highest common factor of 3901 and 10624.
83
Calculate the greatest common divisor of 4564 and 2842231.
1141
What is the greatest common factor of 261656 and 72?
8
Calculate the highest common divisor of 1692 and 86668.
188
What is the highest common factor of 105380 and 165?
55
Calculate the greatest common factor of 42 and 828114.
42
What is the greatest common factor of 75 and 519255?
15
What is the highest common factor of 3102 and 319?
11
What is the greatest common divisor of 90 and 2129706?
18
What is the greatest common factor of 2 and 1154?
2
Calculate the greatest common divisor of 14658 and 6.
6
Calculate the highest common divisor of 9136 and 18496.
16
What is the greatest common factor of 4371 and 51?
3
Calculate the greatest common divisor of 56108 and 830.
166
What is the greatest common divisor of 571866 and 18?
6
Calculate the highest common factor of 34 and 85663.
17
Calculate the greatest common divisor of 246 and 4400325.
123
What is the greatest common divisor of 19188 and 5031?
117
What is the greatest common factor of 48370 and 490?
70
Calculate the greatest common factor of 44200 and 8528.
104
Calculate the highest common divisor of 6190 and 20.
10
What is the highest common factor of 15782 and 26?
26
What is the highest common divisor of 60 and 18540?
60
What is the highest common factor of 66 and 11297?
11
Calculate the greatest common divisor of 100 and 1576.
4
What is the greatest common factor of 166 and 54?
2
Calculate the greatest common factor of 51 and 54553.
17
Calculate the greatest common divisor of 1491879 and 38103.
2931
What is the greatest common divisor of 40179 and 19068?
681
Calculate the greatest common factor of 11 and 196394.
11
What is the greatest common divisor of 2610596 and 1884?
628
Calculate the greatest common factor of 12387 and 60.
3
Calculate the greatest common factor of 3816 and 18232.
424
Calculate the greatest common divisor of 1230 and 7050.
30
What is the highest common divisor of 454030 and 40?
10
What is the highest common divisor of 73726 and 12224?
382
Calculate the highest common factor of 1179730 and 10.
10
What is the greatest common factor of 244 and 1075796?
244
What is the highest common divisor of 16608 and 33562?
346
Calculate the greatest common divisor of 11168 and 256.
32
Calculate the highest common divisor of 308722 and 489.
163
Calculate the greatest common factor of 6 and 24702.
6
Calculate the greatest common factor of 90104 and 238.
14
What is the greatest common factor of 65 and 96668?
13
What is the greatest common divisor of 224 and 479696?
112
Calculate the highest common factor of 3428320 and 7.
7
Calculate the greatest common factor of 2075 and 3735.
415
What is the greatest common divisor of 1110 and 5235?
15
Calculate the greatest common factor of 7797 and 6102.
339
What is the greatest common divisor of 553 and 49375?
79
What is the greatest common divisor of 232339 and 173?
173
What is the highest common factor of 30927 and 13013?
169
Calculate the greatest common factor of 71192 and 176.
88
What is the greatest common factor of 684 and 13806?
18
What is the highest common divisor of 367371 and 27?
9
Calculate the greatest common factor of 1357 and 38173.
59
Calculate the greatest common factor of 453 and 21.
3
What is the greatest common factor of 2976 and 5704?
248
What is the highest common divisor of 16 and 11828?
4
What is the highest common divisor of 14432 and 7667?
451
Calculate the highest common divisor of 157262 and 188.
94
What is the highest common factor of 2619 and 18915?
291
Calculate the greatest common divisor of 54040 and 1960.
280
Calculate the greatest common factor of 203 and 238.
7
Calculate the highest common divisor of 81085 and 10.
5
Calculate the highest common divisor of 7878 and 404.
202
What is the highest common factor of 518167 and 437?
23
What is the highest common factor of 6479 and 8360?
209
Calculate the highest common factor of 90 and 99774.
18
What is the highest common factor of 53 and 49661?
53
What is the greatest common factor of 6576 and 112?
16
Calculate the greatest common factor of 834 and 258.
6
Calculate the highest common factor of 45530 and 269255.
785
What is the greatest common factor of 3429460 and 20?
20
What is the highest common factor of 272 and 54536?
136
Calculate the highest common divisor of 1940 and 515070.
970
Calculate the highest common divisor of 72413 and 7975.
319
What is the highest common factor of 1582648 and 72?
8
Calculate the greatest common divisor of 744 and 500712.
744
Calculate the highest common divisor of 48 and 651324.
12
Calculate the highest common factor of 101849 and 22231.
517
Calculate the highest common divisor of 52 and 1315431.
13
Calculate the greatest common divisor of 2028 and 7833.
3
What is the greatest common factor of 22 and 113817?
11
What is the greatest common divisor of 2486 and 6554?
226
Calculate the highest common factor of 9296 and 119852.
332
Calculate the highest common divisor of 30 and 753.
3
Calculate the greatest common factor of 628 and 2802764.
628
What is the greatest common divisor of 2145 and 176605?
715
What is the greatest common divisor of 1029 and 980?
49
Calculate the greatest common factor of 1673556 and 534.
534
Calculate the highest common factor of 3036 and 64.
4
Calculate the greatest common factor of 26 and 22529.
13
What is the greatest common divisor of 237 and 177829?
79
What is the highest common divisor of 204 and 9588?
204
What is the highest common divisor of 57 and 13044?
3
What is the highest common factor of 78 and 12504?
6
Calculate the greatest common factor of 89641 and 51.
17
What is the greatest common divisor of 13955 and 85?
5
Calculate the greatest common factor of 7501605 and 15.
15
What is the highest common divisor of 62 and 444571?
31
Calculate the greatest common factor of 63 and 212049.
9
What is the highest common divisor of 2889 and 38583?
27
Calculate the greatest common factor of 9965 and 535.
5
What is the greatest common divisor of 16289 and 585?
13
What is the highest common divisor of 1159984 and 112?
112
What is the greatest common divisor of 456 and 2610372?
228
What is the highest common factor of 72177 and 3234?
147
Calculate the greatest common divisor of 30 and 9432.
6
What is the highest common factor of 236 and 71154?
118
What is the greatest common divisor of 55132 and 392?
28
What is the greatest common divisor of 10727 and 68?
17
What is the greatest common factor of 1758 and 174?
6
What is the greatest common factor of 78338 and 130?
26
Calculate the highest common divisor of 2420 and 117975.
605
What is the greatest common factor of 24436 and 8446?
82
What is the greatest common factor of 473 and 1089?
11
What is the greatest common factor of 131688 and 27?
9
Calculate the highest common factor of 2387077 and 385.
77
What is the greatest common divisor of 5568 and 29952?
192
What is the highest common divisor of 108057 and 4179?
597
What is the greatest common divisor of 2 and 6022?
2
Calculate the highest common divisor of 120 and 6186.
6
Calculate the greatest common factor of 1394 and 423202.
82
What is the greatest common factor of 1768 and 3770?
26
Calculate the highest common divisor of 18 and 42219.
9
What is the highest common factor of 110020 and 20?
20
What is the greatest common divisor of 257992 and 7?
7
What is the highest common factor of 810 and 13270?
10
What is the highest common divisor of 146 and 198049